composite?
False
Is 428588707 prime?
False
Is 92290013 composite?
True
Is 691662401 composite?
True
Is 56652245951 prime?
False
Is 3842713981 composite?
True
Is 121920649 composite?
False
Is 371431283 a prime number?
False
Is 47841883 a composite number?
False
Is 30768029179 a prime number?
True
Is 5269812557 prime?
True
Is 300127739 a composite number?
False
Is 9596991791 prime?
False
Is 971420407 a prime number?
True
Is 9666007759 a composite number?
True
Is 6268255361 a prime number?
True
Is 2102953739 a composite number?
True
Is 2251816069 composite?
False
Is 1974503143 a composite number?
True
Is 14498835599 composite?
False
Is 1175428081 a composite number?
False
Is 69838385515 prime?
False
Is 14592221921 composite?
True
Is 1590043451 composite?
True
Is 23251259543 prime?
True
Is 1581598637 a prime number?
True
Is 12238767797 prime?
False
Is 24836771318 prime?
False
Is 31571205253 prime?
False
Is 2250426361 prime?
False
Is 718130597 composite?
False
Is 43689469 a composite number?
True
Is 38078351257 a prime number?
False
Is 3811283659 composite?
False
Is 14688440293 a prime number?
True
Is 26224688419 prime?
True
Is 2217066707 prime?
True
Is 25922325721 a prime number?
True
Is 2941016786 composite?
True
Is 53766024197 a composite number?
False
Is 51321798293 prime?
True
Is 17209130474 a prime number?
False
Is 3676117881 prime?
False
Is 194739461 prime?
False
Is 26226677 a composite number?
True
Is 6228677381 composite?
False
Is 498770491 composite?
False
Is 29699862623 a composite number?
False
Is 904298509 prime?
True
Is 936030503 a composite number?
True
Is 3067359247 a composite number?
False
Is 30940202221 a prime number?
False
Is 3850496773 composite?
False
Is 70011515317 a composite number?
False
Is 134548171 prime?
True
Is 191457280531 prime?
False
Is 3251398989 prime?
False
Is 1893926822 a prime number?
False
Is 441091811 a composite number?
True
Is 2459830279 prime?
True
Is 10351697539 a composite number?
False
Is 1950036061 composite?
False
Is 1427093177 composite?
False
Is 12899588719 a composite number?
True
Is 253431257 composite?
True
Is 982175239 composite?
True
Is 23185921 composite?
True
Is 692379047 composite?
False
Is 33064568707 a prime number?
False
Is 33162376627 a prime number?
True
Is 3059585635 prime?
False
Is 15699683579 a prime number?
False
Is 857931917 a composite number?
False
Is 23003656257 composite?
True
Is 1115084839 composite?
True
Is 1659948593 a composite number?
False
Is 111009885055 composite?
True
Is 24846461 prime?
True
Is 4620041029 composite?
False
Is 1895072261 prime?
True
Is 246310787 a prime number?
False
Is 1221064949 a composite number?
True
Is 1826155319 prime?
True
Is 4679668933 a prime number?
False
Is 36001754407 composite?
True
Is 2606479453 prime?
True
Is 9137650037 composite?
False
Is 30077245507 a prime number?
True
Is 222934969 composite?
True
Is 152471921951 a prime number?
False
Is 1388548621 composite?
True
Is 16602549323 composite?
False
Is 538570639 prime?
True
Is 17218715959 a prime number?
False
Is 501854519 prime?
True
Is 297173479 a prime number?
False
Is 5616119449 a prime number?
True
Is 11278768817 composite?
False
Is 13478054003 composite?
True
Is 611641109 prime?
True
Is 2988132761 a composite number?
True
Is 2476724969 a composite number?
False
Is 127973385473 composite?
False
Is 2117406003 a prime number?
False
Is 3178114729 composite?
False
Is 140883649 a composite number?
True
Is 1156225853 prime?
False
Is 382255329 a prime number?
False
Is 472416793 a composite number?
True
Is 9045455173 a prime number?
True
Is 2125898821 a prime number?
True
Is 92925898621 a composite number?
False
Is 94663678 a prime number?
False
Is 30673486253 a prime number?
False
Is 4070901661 a prime number?
True
Is 1965832871 composite?
False
Is 719158213 prime?
True
Is 23158383266 prime?
False
Is 3386643629 prime?
True
Is 191955781 composite?
True
Is 106876174109 composite?
True
Is 5616466421 prime?
True
Is 386000159 a composite number?
False
Is 40875078421 a composite number?
False
Is 3608508199 composite?
True
Is 975076507 composite?
False
Is 47559499399 prime?
True
Is 1568356813 a composite number?
True
Is 328541387 prime?
False
Is 89627936051 prime?
False
Is 30879169571 prime?
True
Is 94002111803 composite?
True
Is 10031485147 a prime number?
True
Is 49840979143 a prime number?
True
Is 3319465309 a prime number?
False
Is 18977411087 composite?
True
Is 179945603 a composite number?
True
Is 1326473633 composite?
False
Is 1879503599 composite?
False
Is 154609625023 a prime number?
False
Is 4498926667 a prime number?
False
Is 59181172321 composite?
False
Is 1591418767 prime?
False
Is 1015733923 composite?
True
Is 14209412207 a composite number?
False
Is 102489487 a composite number?
True
Is 59351840203 a prime number?
True
Is 142338399781 composite?
False
Is 17340613 a composite number?
True
Is 262705679 composite?
False
Is 15033216181 prime?
True
Is 2789678813 composite?
True
Is 35322574303 prime?
False
Is 1122028813 a composite number?
False
Is 8711455699 composite?
True
Is 14342935405 composite?
True
Is 13957143209 prime?
True
Is 638164367 a composite number?
False
Is 16350979 composite?
False
Is 130084553 prime?
False
Is 402333947 a composite number?
True
Is 138300367 a prime number?
False
Is 2485434193 a prime number?
False
Is 689050093 composite?
True
Is 5607375481 prime?
True
Is 739020319 a prime number?
True
Is 2460499441 prime?
False
Is 406275659 prime?
False
Is 96874979 prime?
False
Is 15633459665 a prime number?
False
Is 420838471 a composite number?
True
Is 3450632161 a composite number?
True
Is 49591913431 a prime number?
True
Is 275323501 prime?
False
Is 891876709 prime?
False
Is 31969367509 composite?
True
Is 30185331811 a prime number?
False
Is 27451054762 prime?
False
Is 89172508657 prime?
False
Is 1291665889 a prime number?
True
Is 5308099237 composite?
True
Is 417055889 prime?
False
Is 304294449 prime?
False
Is 993943529 composite?
True
Is 377154181 a prime number?
False
Is 208047691 a prime number?
False
Is 2572555893 composite?
True
Is 14147771681 a prime number?
True
Is 4354422845 prime?
False
Is 182710617 a prime number?
False
Is 1476370811 composite?
False
Is 3195452483 a composite number?
True
Is 39022872001 a prime number?
True
Is 315594061 a prime number?
True
Is 64642054457 a composite number?
False
Is 153818386357 prime?
True
Is 5640770437 a composite number?
False
Is 499242113 a composite number?
True
Is 14031320777 a composite number?
False
Is 1718363609 a prime number?
False
Is 50294229613 prime?
False
Is 4862626897 a composite number?
True
Is 18577021819 a prime number?
True
Is 1252376003 a composite number?
False
Is 412889671 composite?
True
Is 4070380333 a composite number?
False
Is 2946884597 composite?
False
Is 2458550905 composite?
True
Is 5984141857 a prime number?
True
Is 712539427 prime?
True
Is 81717418163 a prime number?
True
Is 7037753447 prime?
True
Is 24387008951 prime?
False
Is 4092596647 a prime number?
True
Is 15560378571 a prime number?
False
Is 339551939 a prime number?
True
Is 3695020613 a composite number?
True
Is 55779242231 composite?
False
Is 35521258099 a prime number?
True
Is 821238793 a composite number?
False
Is 28813135499 a prime number?
True
Is 5016191459 prime?
True
Is 938374753 prime?
False
Is 1279054697 prime?
True
Is 1997626913 a composite number?
True
Is 17990562301 a composite number?
True
Is 954903541 a composite number?
False
Is 13082677789 a prime number?
True
Is 5533862473 a prime number?
True
Is 118835123 a composite number?
True
Is 1292068853 composite?
False
Is 9373190681 prime?
True
Is 17052308239 prime?
True
Is 45780669931 prime?
True
Is 1703011699 a prime number?
True
Is 193162676777 prime?
False
Is 17820258047 a composite number?
True
Is 2665547218 a prime number?
False
Is 2291289239 a composite number?
False
Is 5690411803 composite?
True
Is 1508328907 a prime number?
True
Is 80995103 composite?
True
Is 1137217841 prime?
True
Is 31587864853 composite?
True
Is 2777629373 a composite number?
True
Is 1686486563 prime?
False
Is 161964469 a prime number?
True
Is 21659738263 prime?
False
Is 1959141853 prime?
True
Is 740319967 a prime number?
True
Is 5563165649 a composite number?
True
Is 2859753593 prime?
Fal